{"id":5,"date":"2019-10-08T16:08:17","date_gmt":"2019-10-08T14:08:17","guid":{"rendered":"https:\/\/yrek.pl\/index.php\/home\/"},"modified":"2024-02-08T10:30:23","modified_gmt":"2024-02-08T09:30:23","slug":"home","status":"publish","type":"page","link":"https:\/\/yrek.pl\/","title":{"rendered":"HOME"},"content":{"rendered":"<p>[et_pb_section fb_built=&#8221;1&#8243; fullwidth=&#8221;on&#8221; _builder_version=&#8221;4.16&#8243; global_colors_info=&#8221;{}&#8221;][et_pb_fullwidth_slider _builder_version=&#8221;4.23.1&#8243; background_enable_image=&#8221;off&#8221; animation_style=&#8221;flip&#8221; auto=&#8221;on&#8221; auto_speed=&#8221;3200&#8243; hover_enabled=&#8221;0&#8243; global_colors_info=&#8221;{}&#8221; sticky_enabled=&#8221;0&#8243;][et_pb_slide heading=&#8221;architektura&#8221; use_bg_overlay=&#8221;off&#8221; arrows_custom_color=&#8221;#ffffff&#8221; dot_nav_custom_color=&#8221;#ffffff&#8221; _builder_version=&#8221;4.22.1&#8243; header_font=&#8221;Montserrat|600||on|||||&#8221; header_text_align=&#8221;left&#8221; body_font=&#8221;Montserrat|600|||||||&#8221; background_enable_color=&#8221;off&#8221; background_image=&#8221;https:\/\/yrek.pl\/wp-content\/uploads\/2021\/12\/111.jpg&#8221; background_enable_image=&#8221;on&#8221; text_orientation=&#8221;left&#8221; global_colors_info=&#8221;{}&#8221; sticky_transition=&#8221;on&#8221;]<\/p>\n<p>Oferujemy kompleksowe us\u0142ugi w zakresie projektowania elewacji. Nasze projekty elewacji s\u0105 wykonane z najwy\u017csz\u0105 staranno\u015bci\u0105 i dba\u0142o\u015bci\u0105 o detale. Tworzymy unikalne rozwi\u0105zania, kt\u00f3re podkre\u015blaj\u0105 indywidualny charakter budynku. Zaufaj naszemu do\u015bwiadczeniu i przekonaj si\u0119, jak nasze projekty elewacji mog\u0105 odmieni\u0107 wygl\u0105d Twojej nieruchomo\u015bci. Skontaktuj si\u0119 z nami ju\u017c dzi\u015b!<\/p>\n<p>[\/et_pb_slide][et_pb_slide heading=&#8221;architektura wn\u0119trz&#8221; use_bg_overlay=&#8221;off&#8221; arrows_custom_color=&#8221;#ffffff&#8221; dot_nav_custom_color=&#8221;#ffffff&#8221; _builder_version=&#8221;4.23.1&#8243; header_font=&#8221;Montserrat|600||on|||||&#8221; header_text_align=&#8221;left&#8221; body_font=&#8221;Montserrat|600|||||||&#8221; background_enable_color=&#8221;off&#8221; background_image=&#8221;https:\/\/yrek.pl\/wp-content\/uploads\/2024\/02\/9.jpg&#8221; background_enable_image=&#8221;on&#8221; text_orientation=&#8221;left&#8221; hover_enabled=&#8221;0&#8243; custom_css_main_element=&#8221;height:90vh;&#8221; global_colors_info=&#8221;{}&#8221; sticky_transition=&#8221;on&#8221; title_text=&#8221;9&#8243; sticky_enabled=&#8221;0&#8243;]<\/p>\n<p>Tworzymy unikalne wn\u0119trza, kt\u00f3re o\u017cywiaj\u0105 Twoje przestrzenie. Nasze projekty wn\u0119trz s\u0105 dopasowane do Twoich indywidualnych potrzeb i gustu. Zajmujemy si\u0119 projektowaniem wn\u0119trz zar\u00f3wno budynk\u00f3w u\u017cyteczno\u015bci publicznej, jak i mieszkaniowych. Nasze rozwi\u0105zania s\u0105 funkcjonalne, estetyczne i innowacyjne. Zaufaj naszemu do\u015bwiadczeniu w projektowaniu wn\u0119trz i stw\u00f3rz z nami swoje wymarzone przestrzenie.<\/p>\n<p>[\/et_pb_slide][\/et_pb_fullwidth_slider][\/et_pb_section][et_pb_section fb_built=&#8221;1&#8243; admin_label=&#8221;Welcome &#038; About Us&#8221; _builder_version=&#8221;4.16&#8243; background_color=&#8221;#121212&#8243; use_background_color_gradient=&#8221;on&#8221; background_color_gradient_stops=&#8221;#121212 20%|rgba(18,18,18,0.6) 100%&#8221; background_color_gradient_overlays_image=&#8221;on&#8221; background_color_gradient_start=&#8221;#121212&#8243; background_color_gradient_start_position=&#8221;20%&#8221; background_color_gradient_end=&#8221;rgba(18,18,18,0.6)&#8221; background_image=&#8221;https:\/\/yrek.pl\/wp-content\/uploads\/2019\/10\/architect-firm-01.jpg&#8221; custom_padding=&#8221;0%|0px|0.1%|0px||&#8221; global_colors_info=&#8221;{}&#8221;][et_pb_row column_structure=&#8221;1_3,1_3,1_3&#8243; _builder_version=&#8221;4.16&#8243; custom_padding=&#8221;40px|||||&#8221; global_colors_info=&#8221;{}&#8221;][et_pb_column type=&#8221;1_3&#8243; _builder_version=&#8221;4.16&#8243; custom_padding=&#8221;|||&#8221; global_colors_info=&#8221;{}&#8221; custom_padding__hover=&#8221;|||&#8221;][et_pb_blurb title=&#8221;Komercyjne&#8221; image=&#8221;https:\/\/yrek.pl\/wp-content\/uploads\/2019\/10\/architecture-firm-02.png&#8221; _builder_version=&#8221;4.16&#8243; header_font=&#8221;Cormorant Garamond||||||||&#8221; header_font_size=&#8221;24px&#8221; header_line_height=&#8221;1.8em&#8221; body_font=&#8221;Karla||||||||&#8221; body_text_color=&#8221;rgba(255,255,255,0.7)&#8221; body_font_size=&#8221;16px&#8221; body_line_height=&#8221;1.8em&#8221; text_orientation=&#8221;center&#8221; background_layout=&#8221;dark&#8221; animation_style=&#8221;slide&#8221; animation=&#8221;off&#8221; global_colors_info=&#8221;{}&#8221;][\/et_pb_blurb][\/et_pb_column][et_pb_column type=&#8221;1_3&#8243; _builder_version=&#8221;4.16&#8243; custom_padding=&#8221;|||&#8221; global_colors_info=&#8221;{}&#8221; custom_padding__hover=&#8221;|||&#8221;][et_pb_blurb title=&#8221;Domy&#8221; image=&#8221;https:\/\/yrek.pl\/wp-content\/uploads\/2019\/10\/architecture-firm-04.png&#8221; _builder_version=&#8221;4.16&#8243; header_font=&#8221;Cormorant Garamond||||||||&#8221; header_font_size=&#8221;24px&#8221; header_line_height=&#8221;1.8em&#8221; body_font=&#8221;Karla||||||||&#8221; body_text_color=&#8221;rgba(255,255,255,0.7)&#8221; body_font_size=&#8221;16px&#8221; body_line_height=&#8221;1.8em&#8221; text_orientation=&#8221;center&#8221; background_layout=&#8221;dark&#8221; animation_style=&#8221;slide&#8221; animation_duration=&#8221;1700ms&#8221; animation=&#8221;off&#8221; global_colors_info=&#8221;{}&#8221;][\/et_pb_blurb][\/et_pb_column][et_pb_column type=&#8221;1_3&#8243; _builder_version=&#8221;4.16&#8243; custom_padding=&#8221;|||&#8221; global_colors_info=&#8221;{}&#8221; custom_padding__hover=&#8221;|||&#8221;][et_pb_blurb title=&#8221;Wn\u0119trza&#8221; image=&#8221;https:\/\/yrek.pl\/wp-content\/uploads\/2019\/10\/architecture-firm-01.png&#8221; _builder_version=&#8221;4.16&#8243; header_font=&#8221;Cormorant Garamond||||||||&#8221; header_font_size=&#8221;24px&#8221; header_line_height=&#8221;1.8em&#8221; body_font=&#8221;Karla||||||||&#8221; body_text_color=&#8221;rgba(255,255,255,0.7)&#8221; body_font_size=&#8221;16px&#8221; body_line_height=&#8221;1.8em&#8221; text_orientation=&#8221;center&#8221; background_layout=&#8221;dark&#8221; animation_style=&#8221;slide&#8221; animation_duration=&#8221;2400ms&#8221; animation=&#8221;off&#8221; global_colors_info=&#8221;{}&#8221;][\/et_pb_blurb][\/et_pb_column][\/et_pb_row][\/et_pb_section]<\/p>\n","protected":false},"excerpt":{"rendered":"<p>Oferujemy kompleksowe us\u0142ugi w zakresie projektowania elewacji. Nasze projekty elewacji s\u0105 wykonane z najwy\u017csz\u0105 staranno\u015bci\u0105 i dba\u0142o\u015bci\u0105 o detale. Tworzymy unikalne rozwi\u0105zania, kt\u00f3re podkre\u015blaj\u0105 indywidualny charakter budynku. Zaufaj naszemu do\u015bwiadczeniu i przekonaj si\u0119, jak nasze projekty elewacji mog\u0105 odmieni\u0107 wygl\u0105d Twojej nieruchomo\u015bci. Skontaktuj si\u0119 z nami ju\u017c dzi\u015b!Tworzymy unikalne wn\u0119trza, kt\u00f3re o\u017cywiaj\u0105 Twoje przestrzenie. Nasze [&hellip;]<\/p>\n","protected":false},"author":1,"featured_media":2848,"parent":0,"menu_order":0,"comment_status":"closed","ping_status":"closed","template":"","meta":{"_et_pb_use_builder":"on","_et_pb_old_content":"","_et_gb_content_width":"","footnotes":""},"class_list":["post-5","page","type-page","status-publish","has-post-thumbnail","hentry"],"yoast_head":"<!-- This site is optimized with the Yoast SEO plugin v27.4 - https:\/\/yoast.com\/product\/yoast-seo-wordpress\/ -->\n<title>HOME - YREK<\/title>\n<meta name=\"robots\" content=\"index, follow, max-snippet:-1, max-image-preview:large, max-video-preview:-1\" \/>\n<link rel=\"canonical\" href=\"https:\/\/yrek.pl\/\" \/>\n<meta property=\"og:locale\" content=\"pl_PL\" \/>\n<meta property=\"og:type\" content=\"article\" \/>\n<meta property=\"og:title\" content=\"Yrek studio projektowe\" \/>\n<meta property=\"og:description\" content=\"Firma oferuj\u0105ca kompleksowe us\u0142ugi projektowe w zakresie architektury i aran\u017cacji wn\u0119trz. Ka\u017cdy nasz projekt powstaje indywidualnie z uwzgl\u0119dnieniem potrzeb i oczekiwa\u0144 Klienta. Naszym celem jest tworzenie nowoczesnej architektury oraz funkcjonalnych i nowoczesnych wn\u0119trz.\" \/>\n<meta property=\"og:url\" content=\"https:\/\/yrek.pl\/\" \/>\n<meta property=\"og:site_name\" content=\"YREK\" \/>\n<meta property=\"article:modified_time\" content=\"2024-02-08T09:30:23+00:00\" \/>\n<meta property=\"og:image\" content=\"https:\/\/yrek.pl\/wp-content\/uploads\/2022\/04\/2-2.jpg\" \/>\n\t<meta property=\"og:image:width\" content=\"1920\" \/>\n\t<meta property=\"og:image:height\" content=\"1080\" \/>\n\t<meta property=\"og:image:type\" content=\"image\/jpeg\" \/>\n<meta name=\"twitter:card\" content=\"summary_large_image\" \/>\n<meta name=\"twitter:image\" content=\"https:\/\/yrek.pl\/wp-content\/uploads\/2022\/04\/2-2.jpg\" \/>\n<meta name=\"twitter:label1\" content=\"Szacowany czas czytania\" \/>\n\t<meta name=\"twitter:data1\" content=\"3 minuty\" \/>\n<script type=\"application\/ld+json\" class=\"yoast-schema-graph\">{\"@context\":\"https:\\\/\\\/schema.org\",\"@graph\":[{\"@type\":\"WebPage\",\"@id\":\"https:\\\/\\\/yrek.pl\\\/\",\"url\":\"https:\\\/\\\/yrek.pl\\\/\",\"name\":\"HOME - YREK\",\"isPartOf\":{\"@id\":\"https:\\\/\\\/yrek.pl\\\/#website\"},\"primaryImageOfPage\":{\"@id\":\"https:\\\/\\\/yrek.pl\\\/#primaryimage\"},\"image\":{\"@id\":\"https:\\\/\\\/yrek.pl\\\/#primaryimage\"},\"thumbnailUrl\":\"https:\\\/\\\/yrek.pl\\\/wp-content\\\/uploads\\\/2022\\\/04\\\/2-2.jpg\",\"datePublished\":\"2019-10-08T14:08:17+00:00\",\"dateModified\":\"2024-02-08T09:30:23+00:00\",\"breadcrumb\":{\"@id\":\"https:\\\/\\\/yrek.pl\\\/#breadcrumb\"},\"inLanguage\":\"pl-PL\",\"potentialAction\":[{\"@type\":\"ReadAction\",\"target\":[\"https:\\\/\\\/yrek.pl\\\/\"]}]},{\"@type\":\"ImageObject\",\"inLanguage\":\"pl-PL\",\"@id\":\"https:\\\/\\\/yrek.pl\\\/#primaryimage\",\"url\":\"https:\\\/\\\/yrek.pl\\\/wp-content\\\/uploads\\\/2022\\\/04\\\/2-2.jpg\",\"contentUrl\":\"https:\\\/\\\/yrek.pl\\\/wp-content\\\/uploads\\\/2022\\\/04\\\/2-2.jpg\",\"width\":1920,\"height\":1080},{\"@type\":\"BreadcrumbList\",\"@id\":\"https:\\\/\\\/yrek.pl\\\/#breadcrumb\",\"itemListElement\":[{\"@type\":\"ListItem\",\"position\":1,\"name\":\"Strona g\u0142\u00f3wna\",\"item\":\"https:\\\/\\\/yrek.pl\\\/\"},{\"@type\":\"ListItem\",\"position\":2,\"name\":\"HOME\"}]},{\"@type\":\"WebSite\",\"@id\":\"https:\\\/\\\/yrek.pl\\\/#website\",\"url\":\"https:\\\/\\\/yrek.pl\\\/\",\"name\":\"YREK\",\"description\":\"Projekty wn\u0119trz i elewacji,  Projekty elewacji Bochnia,  Projekty elewacji Brzesko,  Projekty elewacji Ma\u0142opolska,  Projekty elewacji Krak\u00f3w,  Projekty elewacji online,  Projekty wn\u0119trz Bochnia,  Projekty wn\u0119trz Brzesko,  Projekty wn\u0119trz Krak\u00f3w,  Studio Projektowe Bochnia,  Studio projektowe Brzesko,  Studio Projektowe,  Yrek studio projektowe,  Yrek projekty wn\u0119trz,  projekt elewacji\",\"potentialAction\":[{\"@type\":\"SearchAction\",\"target\":{\"@type\":\"EntryPoint\",\"urlTemplate\":\"https:\\\/\\\/yrek.pl\\\/?s={search_term_string}\"},\"query-input\":{\"@type\":\"PropertyValueSpecification\",\"valueRequired\":true,\"valueName\":\"search_term_string\"}}],\"inLanguage\":\"pl-PL\"}]}<\/script>\n<!-- \/ Yoast SEO plugin. -->","yoast_head_json":{"title":"HOME - YREK","robots":{"index":"index","follow":"follow","max-snippet":"max-snippet:-1","max-image-preview":"max-image-preview:large","max-video-preview":"max-video-preview:-1"},"canonical":"https:\/\/yrek.pl\/","og_locale":"pl_PL","og_type":"article","og_title":"Yrek studio projektowe","og_description":"Firma oferuj\u0105ca kompleksowe us\u0142ugi projektowe w zakresie architektury i aran\u017cacji wn\u0119trz. Ka\u017cdy nasz projekt powstaje indywidualnie z uwzgl\u0119dnieniem potrzeb i oczekiwa\u0144 Klienta. Naszym celem jest tworzenie nowoczesnej architektury oraz funkcjonalnych i nowoczesnych wn\u0119trz.","og_url":"https:\/\/yrek.pl\/","og_site_name":"YREK","article_modified_time":"2024-02-08T09:30:23+00:00","og_image":[{"width":1920,"height":1080,"url":"https:\/\/yrek.pl\/wp-content\/uploads\/2022\/04\/2-2.jpg","type":"image\/jpeg"}],"twitter_card":"summary_large_image","twitter_image":"https:\/\/yrek.pl\/wp-content\/uploads\/2022\/04\/2-2.jpg","twitter_misc":{"Szacowany czas czytania":"3 minuty"},"schema":{"@context":"https:\/\/schema.org","@graph":[{"@type":"WebPage","@id":"https:\/\/yrek.pl\/","url":"https:\/\/yrek.pl\/","name":"HOME - YREK","isPartOf":{"@id":"https:\/\/yrek.pl\/#website"},"primaryImageOfPage":{"@id":"https:\/\/yrek.pl\/#primaryimage"},"image":{"@id":"https:\/\/yrek.pl\/#primaryimage"},"thumbnailUrl":"https:\/\/yrek.pl\/wp-content\/uploads\/2022\/04\/2-2.jpg","datePublished":"2019-10-08T14:08:17+00:00","dateModified":"2024-02-08T09:30:23+00:00","breadcrumb":{"@id":"https:\/\/yrek.pl\/#breadcrumb"},"inLanguage":"pl-PL","potentialAction":[{"@type":"ReadAction","target":["https:\/\/yrek.pl\/"]}]},{"@type":"ImageObject","inLanguage":"pl-PL","@id":"https:\/\/yrek.pl\/#primaryimage","url":"https:\/\/yrek.pl\/wp-content\/uploads\/2022\/04\/2-2.jpg","contentUrl":"https:\/\/yrek.pl\/wp-content\/uploads\/2022\/04\/2-2.jpg","width":1920,"height":1080},{"@type":"BreadcrumbList","@id":"https:\/\/yrek.pl\/#breadcrumb","itemListElement":[{"@type":"ListItem","position":1,"name":"Strona g\u0142\u00f3wna","item":"https:\/\/yrek.pl\/"},{"@type":"ListItem","position":2,"name":"HOME"}]},{"@type":"WebSite","@id":"https:\/\/yrek.pl\/#website","url":"https:\/\/yrek.pl\/","name":"YREK","description":"Projekty wn\u0119trz i elewacji,  Projekty elewacji Bochnia,  Projekty elewacji Brzesko,  Projekty elewacji Ma\u0142opolska,  Projekty elewacji Krak\u00f3w,  Projekty elewacji online,  Projekty wn\u0119trz Bochnia,  Projekty wn\u0119trz Brzesko,  Projekty wn\u0119trz Krak\u00f3w,  Studio Projektowe Bochnia,  Studio projektowe Brzesko,  Studio Projektowe,  Yrek studio projektowe,  Yrek projekty wn\u0119trz,  projekt elewacji","potentialAction":[{"@type":"SearchAction","target":{"@type":"EntryPoint","urlTemplate":"https:\/\/yrek.pl\/?s={search_term_string}"},"query-input":{"@type":"PropertyValueSpecification","valueRequired":true,"valueName":"search_term_string"}}],"inLanguage":"pl-PL"}]}},"_links":{"self":[{"href":"https:\/\/yrek.pl\/index.php\/wp-json\/wp\/v2\/pages\/5","targetHints":{"allow":["GET"]}}],"collection":[{"href":"https:\/\/yrek.pl\/index.php\/wp-json\/wp\/v2\/pages"}],"about":[{"href":"https:\/\/yrek.pl\/index.php\/wp-json\/wp\/v2\/types\/page"}],"author":[{"embeddable":true,"href":"https:\/\/yrek.pl\/index.php\/wp-json\/wp\/v2\/users\/1"}],"replies":[{"embeddable":true,"href":"https:\/\/yrek.pl\/index.php\/wp-json\/wp\/v2\/comments?post=5"}],"version-history":[{"count":8,"href":"https:\/\/yrek.pl\/index.php\/wp-json\/wp\/v2\/pages\/5\/revisions"}],"predecessor-version":[{"id":3155,"href":"https:\/\/yrek.pl\/index.php\/wp-json\/wp\/v2\/pages\/5\/revisions\/3155"}],"wp:featuredmedia":[{"embeddable":true,"href":"https:\/\/yrek.pl\/index.php\/wp-json\/wp\/v2\/media\/2848"}],"wp:attachment":[{"href":"https:\/\/yrek.pl\/index.php\/wp-json\/wp\/v2\/media?parent=5"}],"curies":[{"name":"wp","href":"https:\/\/api.w.org\/{rel}","templated":true}]}}