{"id":1571,"date":"2019-10-11T13:28:49","date_gmt":"2019-10-11T11:28:49","guid":{"rendered":"https:\/\/yrek.pl\/?page_id=1571"},"modified":"2019-11-12T09:06:47","modified_gmt":"2019-11-12T08:06:47","slug":"oferta-architektura","status":"publish","type":"page","link":"https:\/\/yrek.pl\/index.php\/oferta-architektura\/","title":{"rendered":"Oferta architektura"},"content":{"rendered":"<p>[et_pb_section fb_built=&#8221;1&#8243; _builder_version=&#8221;3.27.4&#8243; background_color=&#8221;#000000&#8243; border_color_all=&#8221;#000000&#8243; fb_built=&#8221;1&#8243; _i=&#8221;0&#8243; _address=&#8221;0&#8243;][et_pb_row use_custom_gutter=&#8221;on&#8221; gutter_width=&#8221;2&#8243; _builder_version=&#8221;3.27.4&#8243; background_color=&#8221;#ffffff&#8221; width=&#8221;85%&#8221; max_width=&#8221;85%&#8221; custom_padding=&#8221;6px|35px|6px|35px|true|true&#8221; _i=&#8221;0&#8243; _address=&#8221;0.0&#8243;][et_pb_column type=&#8221;4_4&#8243; _builder_version=&#8221;3.27.4&#8243; _i=&#8221;0&#8243; _address=&#8221;0.0.0&#8243;][et_pb_text _builder_version=&#8221;3.27.4&#8243; text_font=&#8221;Montserrat||||||||&#8221; text_text_color=&#8221;#000000&#8243; text_font_size=&#8221;15px&#8221; header_2_font=&#8221;Montserrat|||on|||||&#8221; header_2_font_size=&#8221;35px&#8221; header_2_line_height=&#8221;1.4em&#8221; custom_margin=&#8221;||-7px|||&#8221; custom_padding=&#8221;||0px|||&#8221; _i=&#8221;0&#8243; _address=&#8221;0.0.0.0&#8243;]<\/p>\n<h2 style=\"text-align: center;\"><\/h2>\n<h2 style=\"text-align: center;\"><\/h2>\n<h2 style=\"text-align: center;\"><\/h2>\n<h2 style=\"text-align: center;\"><\/h2>\n<h2 style=\"text-align: center;\"><\/h2>\n<h2 style=\"text-align: center;\"><strong>OFERTA Projektu elewacji<\/strong><\/h2>\n<p>&nbsp;<\/p>\n<p>Projekty kt\u00f3re mo\u017cemy zaplanowa\u0107 od zera s\u0105 dla nas najbardziej wyj\u0105tkowe. Aczkolwiek w przypadku gotowych projekt\u00f3w zaproponowane przez architekt\u00f3w rozwi\u0105zania mo\u017cemy zmieni\u0107 na materia\u0142y i kolory bardziej odpowiadaj\u0105ce naszemu gustowi oraz s\u0105siedniej zabudowie, a tak\u017ce warunkom klimatycznym. Zmian\u0119 materia\u0142\u00f3w elewacyjnych mo\u017cemy przeprowadzi\u0107 na etapie adaptacji projektu. Pasjonujemy si\u0119 poszukiwaniem inspiracji, nadawaniem kszta\u0142t\u00f3w marzeniom naszych klient\u00f3w oraz dzieleniem si\u0119 z nimi nasz\u0105 prac\u0105. Daje nam to niezliczone mo\u017cliwo\u015bci oraz mo\u017cliwo\u015b\u0107 bezb\u0142\u0119dnego, idealnego wkomponowania si\u0119 w istniej\u0105c\u0105 przestrze\u0144.<\/p>\n<p>&nbsp;<\/p>\n<p>&nbsp;<\/p>\n<p><img decoding=\"async\" src=\"http:\/\/yrek.pl\/wp-content\/uploads\/2019\/10\/2-1024x576.png\" style=\"display: block; margin-left: auto; margin-right: auto;\" \/><\/p>\n<p style=\"text-align: justify;\">\n<p style=\"text-align: justify;\"><strong>\u00a0<\/strong><\/p>\n<p style=\"text-align: justify;\"><strong>\u00a0<\/strong><\/p>\n<p style=\"text-align: justify;\"><strong><\/strong><\/p>\n<p><strong><\/strong><\/p>\n<p>[\/et_pb_text][et_pb_text _builder_version=&#8221;3.27.4&#8243; text_font=&#8221;Montserrat||||||||&#8221; text_text_color=&#8221;#000000&#8243; text_font_size=&#8221;15px&#8221; header_2_font=&#8221;Montserrat|||on|||||&#8221; header_2_line_height=&#8221;1.4em&#8221; custom_margin=&#8221;-2px|||||&#8221; custom_padding=&#8221;67px|||||&#8221; _i=&#8221;1&#8243; _address=&#8221;0.0.0.1&#8243;]<\/p>\n<h2 style=\"text-align: center;\">Dlaczego warto zam\u00f3wi\u0107 U NAS projekt elewacji?<\/h2>\n<p>&nbsp;<\/p>\n<p>&nbsp;<\/p>\n<p>Elewacja domu to jego wizyt\u00f3wka na lata, dlatego warto jest skorzysta\u0107 z profesjonalisty, kt\u00f3ry doradzi\u00a0 jak dobra\u0107 kolorystyk\u0119 , pomo\u017ce w doborze materia\u0142\u00f3w.<\/p>\n<p>Elewacja decyduje o wygl\u0105dzie budynku \u2013 zamawiaj\u0105c j\u0105 u Nas masz pewno\u015b\u0107, \u017ce materia\u0142y , kt\u00f3re pokazujemy w projekcie gwarantuj\u0105 Ci efekt odzwierciedlaj\u0105cy rzeczywisty obraz<\/p>\n<p>Je\u015bli \u00a0nie masz pewno\u015bci jak b\u0119dzie wygl\u0105da\u0142a Twoja elewacja to zam\u00f3w projekt. My stworzymy elewacje, kt\u00f3ra b\u0119dzie Ci\u0119 satysfakcjonowa\u0142a na lata.<\/p>\n<p>&nbsp;<\/p>\n<p><strong><img decoding=\"async\" class=\"details-image\" src=\"http:\/\/yrek.pl\/wp-content\/uploads\/2019\/10\/21-1024x539.jpg\" draggable=\"false\" alt=\"\" style=\"display: block; margin-left: auto; margin-right: auto;\" \/><\/strong><\/p>\n<p><strong><\/strong><\/p>\n<p><strong><\/strong><\/p>\n<p><strong><\/strong><\/p>\n<p><strong><\/strong><\/p>\n<p><strong><\/strong><\/p>\n<p><strong><\/strong><\/p>\n<p><strong><\/strong><\/p>\n<p><strong>Elewacja domu<\/strong> to jego wizyt\u00f3wka. Podkre\u015bla charakter i styl budynku, wkomponowuje go w istniej\u0105c\u0105 zabudow\u0119, dekoruje i poprawia proporcje. Materia\u0142y elewacyjne maj\u0105 za zadanie nie tylko zdobi\u0107 \u015bciany, ale przede wszystkim zapewnia\u0107 im ochron\u0105 i w\u0142a\u015bciw\u0105 izolacj\u0119 przed wp\u0142ywem czynnik\u00f3w zewn\u0119trznych.<\/p>\n<p style=\"text-align: left;\">Po\u0142\u0105czenie tynku elewacyjnego i drewna to efektowny spos\u00f3b na \u0142adn\u0105 i nowoczesn\u0105 elewacj\u0119. Drewno ociepla prost\u0105 architektur\u0119, nadaje jej elegancji i ponadczasowego wygl\u0105du.<\/p>\n<p style=\"text-align: left;\">Wykonuj\u0105c kilka element\u00f3w z ok\u0142adzin drewnianych mo\u017cemy skorygowa\u0107 kszta\u0142t budynku, urozmaici\u0107 fasad\u0119 i nada\u0107 mu przytulno\u015bci. Zobaczmy, jak po\u0142\u0105czy\u0107 drewno z tynkiem, by dom zyska\u0142 na atrakcyjno\u015bci.<\/p>\n<p><strong><\/strong><\/p>\n<p>[\/et_pb_text][\/et_pb_column][\/et_pb_row][et_pb_row column_structure=&#8221;1_2,1_2&#8243; use_custom_gutter=&#8221;on&#8221; gutter_width=&#8221;2&#8243; _builder_version=&#8221;3.27.4&#8243; background_color=&#8221;#ffffff&#8221; width=&#8221;85%&#8221; max_width=&#8221;85%&#8221; custom_padding=&#8221;0px|35px|0px|35px|true|true&#8221; _i=&#8221;1&#8243; _address=&#8221;0.1&#8243;][et_pb_column type=&#8221;1_2&#8243; _builder_version=&#8221;3.27.4&#8243; _i=&#8221;0&#8243; _address=&#8221;0.1.0&#8243;][et_pb_image src=&#8221;https:\/\/yrek.pl\/wp-content\/uploads\/2019\/10\/3-3.jpg&#8221; align=&#8221;center&#8221; _builder_version=&#8221;3.27.4&#8243; _i=&#8221;0&#8243; _address=&#8221;0.1.0.0&#8243;][\/et_pb_image][\/et_pb_column][et_pb_column type=&#8221;1_2&#8243; _builder_version=&#8221;3.27.4&#8243; _i=&#8221;1&#8243; _address=&#8221;0.1.1&#8243;][et_pb_image src=&#8221;https:\/\/yrek.pl\/wp-content\/uploads\/2019\/10\/4.png&#8221; align=&#8221;center&#8221; _builder_version=&#8221;3.27.4&#8243; _i=&#8221;0&#8243; _address=&#8221;0.1.1.0&#8243;][\/et_pb_image][\/et_pb_column][\/et_pb_row][et_pb_row use_custom_gutter=&#8221;on&#8221; gutter_width=&#8221;2&#8243; _builder_version=&#8221;3.27.4&#8243; background_color=&#8221;#ffffff&#8221; width=&#8221;85%&#8221; max_width=&#8221;85%&#8221; custom_margin=&#8221;|auto|-27px|auto||&#8221; custom_padding=&#8221;0px|35px|0px|35px|true|true&#8221; _i=&#8221;2&#8243; _address=&#8221;0.2&#8243;][et_pb_column type=&#8221;4_4&#8243; _builder_version=&#8221;3.27.4&#8243; _i=&#8221;0&#8243; _address=&#8221;0.2.0&#8243;][\/et_pb_column][\/et_pb_row][et_pb_row use_custom_gutter=&#8221;on&#8221; gutter_width=&#8221;2&#8243; _builder_version=&#8221;3.27.4&#8243; background_color=&#8221;#ffffff&#8221; width=&#8221;85%&#8221; max_width=&#8221;85%&#8221; custom_padding=&#8221;0px|35px|0px|35px|true|false&#8221; _i=&#8221;3&#8243; _address=&#8221;0.3&#8243;][et_pb_column type=&#8221;4_4&#8243; _builder_version=&#8221;3.27.4&#8243; _i=&#8221;0&#8243; _address=&#8221;0.3.0&#8243;][et_pb_text _builder_version=&#8221;3.27.4&#8243; text_font=&#8221;Montserrat||||||||&#8221; text_text_color=&#8221;#000000&#8243; text_font_size=&#8221;15px&#8221; header_2_font=&#8221;Montserrat|600||on|||||&#8221; header_2_font_size=&#8221;38px&#8221; header_2_line_height=&#8221;1.4em&#8221; header_3_font=&#8221;Montserrat||||||||&#8221; custom_margin=&#8221;46px|||||&#8221; _i=&#8221;0&#8243; _address=&#8221;0.3.0.0&#8243;]<\/p>\n<h3><strong>Jak dzia\u0142amy:<\/strong><\/h3>\n<p>&nbsp;<\/p>\n<p>&#8211; Zanim rozpoczniemy realizacj\u0119 elewacji, przygotowujemy ofert\u0119 na podstawie dostarczonych materia\u0142\u00f3w.<\/p>\n<p>&#8211; Omawiamy Twoje potrzeby i wymagania, dokonujemy inwentaryzacji.<\/p>\n<p>&#8211; Podpisujemy umow\u0119 w dw\u00f3ch egzemplarzach<\/p>\n<p>&#8211;\u00a0 Wizualizacje 3d<br \/> Po przyj\u0119ciu zam\u00f3wienia tworzymy koncepcje,(wizualizacje 3d) kt\u00f3re otrzymujesz w przeci\u0105gu kilku dni. Po otrzymaniu Twoich uwag i poprawek wprowadzamy zmiany. Zawsze zale\u017cy nam, aby\u015b by\u0142(a) zadowolony(a) z rezultatu, dlatego zale\u017cnie od wybranego pakietu masz prawo do wprowadzenia kolejnych poprawek.<\/p>\n<p>&nbsp;<\/p>\n<p>&#8211; Dokumentacja<br \/> Przygotowujemy dla Ciebie rysunki dla wykonawc\u00f3w , kosztorys oraz list\u0119 u\u017cytych materia\u0142\u00f3w (dla zaakceptowanej wersji).<\/p>\n<p>&nbsp;<\/p>\n<p><span style=\"font-size: large;\"><strong>Co zawiera projekt:<\/strong><\/span><\/p>\n<p>&nbsp;<\/p>\n<p>&#8211; Wizualizacj\u0119 elewacji\/terenu\/ogrodzenia\/itp. W zale\u017cno\u015bci od wybranego zakresu:<br \/> jedn\u0105 wersj\u0119 wizualizacji + dwie ewentualne poprawki (liczba uj\u0119\u0107 do ustalenia)<br \/> dwie wersje wizualizacji + jedna ewentualna poprawka do wskazanej wersji (liczba uj\u0119\u0107 do ustalenia)<br \/>&#8211; Rysunki dla wykonawc\u00f3w (dla zaakceptowanej wersji wizualizacji) obrazuj\u0105ce spos\u00f3b umieszczenia dekoracji elewacji. <br \/>&#8211; Zestawienia kosztorysowo-materia\u0142owe.<\/p>\n<p><strong><\/strong><\/p>\n<p><strong><\/strong><\/p>\n<p><strong><\/strong><\/p>\n<p><strong><\/strong><\/p>\n<p><strong><\/strong><\/p>\n<p><strong><\/strong><\/p>\n<p>[\/et_pb_text][\/et_pb_column][\/et_pb_row][\/et_pb_section]<\/p>\n","protected":false},"excerpt":{"rendered":"<p>OFERTA Projektu elewacji &nbsp; Projekty kt\u00f3re mo\u017cemy zaplanowa\u0107 od zera s\u0105 dla nas najbardziej wyj\u0105tkowe. Aczkolwiek w przypadku gotowych projekt\u00f3w zaproponowane przez architekt\u00f3w rozwi\u0105zania mo\u017cemy zmieni\u0107 na materia\u0142y i kolory bardziej odpowiadaj\u0105ce naszemu gustowi oraz s\u0105siedniej zabudowie, a tak\u017ce warunkom klimatycznym. Zmian\u0119 materia\u0142\u00f3w elewacyjnych mo\u017cemy przeprowadzi\u0107 na etapie adaptacji projektu. Pasjonujemy si\u0119 poszukiwaniem inspiracji, nadawaniem [&hellip;]<\/p>\n","protected":false},"author":1,"featured_media":0,"parent":0,"menu_order":0,"comment_status":"closed","ping_status":"closed","template":"","meta":{"_et_pb_use_builder":"on","_et_pb_old_content":"","_et_gb_content_width":"","footnotes":""},"class_list":["post-1571","page","type-page","status-publish","hentry"],"yoast_head":"<!-- This site is optimized with the Yoast SEO plugin v27.4 - https:\/\/yoast.com\/product\/yoast-seo-wordpress\/ -->\n<title>Oferta architektura - YREK<\/title>\n<meta name=\"robots\" content=\"index, follow, max-snippet:-1, max-image-preview:large, max-video-preview:-1\" \/>\n<link rel=\"canonical\" href=\"https:\/\/yrek.pl\/index.php\/oferta-architektura\/\" \/>\n<meta property=\"og:locale\" content=\"pl_PL\" \/>\n<meta property=\"og:type\" content=\"article\" \/>\n<meta property=\"og:title\" content=\"Oferta architektura - YREK\" \/>\n<meta property=\"og:description\" content=\"OFERTA Projektu elewacji &nbsp; Projekty kt\u00f3re mo\u017cemy zaplanowa\u0107 od zera s\u0105 dla nas najbardziej wyj\u0105tkowe. Aczkolwiek w przypadku gotowych projekt\u00f3w zaproponowane przez architekt\u00f3w rozwi\u0105zania mo\u017cemy zmieni\u0107 na materia\u0142y i kolory bardziej odpowiadaj\u0105ce naszemu gustowi oraz s\u0105siedniej zabudowie, a tak\u017ce warunkom klimatycznym. Zmian\u0119 materia\u0142\u00f3w elewacyjnych mo\u017cemy przeprowadzi\u0107 na etapie adaptacji projektu. Pasjonujemy si\u0119 poszukiwaniem inspiracji, nadawaniem [&hellip;]\" \/>\n<meta property=\"og:url\" content=\"https:\/\/yrek.pl\/index.php\/oferta-architektura\/\" \/>\n<meta property=\"og:site_name\" content=\"YREK\" \/>\n<meta property=\"article:modified_time\" content=\"2019-11-12T08:06:47+00:00\" \/>\n<meta property=\"og:image\" content=\"http:\/\/yrek.pl\/wp-content\/uploads\/2019\/10\/2-1024x576.png\" \/>\n<meta name=\"twitter:card\" content=\"summary_large_image\" \/>\n<meta name=\"twitter:label1\" content=\"Szacowany czas czytania\" \/>\n\t<meta name=\"twitter:data1\" content=\"4 minuty\" \/>\n<script type=\"application\/ld+json\" class=\"yoast-schema-graph\">{\"@context\":\"https:\\\/\\\/schema.org\",\"@graph\":[{\"@type\":\"WebPage\",\"@id\":\"https:\\\/\\\/yrek.pl\\\/index.php\\\/oferta-architektura\\\/\",\"url\":\"https:\\\/\\\/yrek.pl\\\/index.php\\\/oferta-architektura\\\/\",\"name\":\"Oferta architektura - YREK\",\"isPartOf\":{\"@id\":\"https:\\\/\\\/yrek.pl\\\/#website\"},\"primaryImageOfPage\":{\"@id\":\"https:\\\/\\\/yrek.pl\\\/index.php\\\/oferta-architektura\\\/#primaryimage\"},\"image\":{\"@id\":\"https:\\\/\\\/yrek.pl\\\/index.php\\\/oferta-architektura\\\/#primaryimage\"},\"thumbnailUrl\":\"http:\\\/\\\/yrek.pl\\\/wp-content\\\/uploads\\\/2019\\\/10\\\/2-1024x576.png\",\"datePublished\":\"2019-10-11T11:28:49+00:00\",\"dateModified\":\"2019-11-12T08:06:47+00:00\",\"breadcrumb\":{\"@id\":\"https:\\\/\\\/yrek.pl\\\/index.php\\\/oferta-architektura\\\/#breadcrumb\"},\"inLanguage\":\"pl-PL\",\"potentialAction\":[{\"@type\":\"ReadAction\",\"target\":[\"https:\\\/\\\/yrek.pl\\\/index.php\\\/oferta-architektura\\\/\"]}]},{\"@type\":\"ImageObject\",\"inLanguage\":\"pl-PL\",\"@id\":\"https:\\\/\\\/yrek.pl\\\/index.php\\\/oferta-architektura\\\/#primaryimage\",\"url\":\"https:\\\/\\\/yrek.pl\\\/wp-content\\\/uploads\\\/2019\\\/10\\\/2.png\",\"contentUrl\":\"https:\\\/\\\/yrek.pl\\\/wp-content\\\/uploads\\\/2019\\\/10\\\/2.png\",\"width\":1920,\"height\":1080,\"caption\":\"domek jednorodzinny Por\u0119ba Spytkowska ciemna deska\"},{\"@type\":\"BreadcrumbList\",\"@id\":\"https:\\\/\\\/yrek.pl\\\/index.php\\\/oferta-architektura\\\/#breadcrumb\",\"itemListElement\":[{\"@type\":\"ListItem\",\"position\":1,\"name\":\"Strona g\u0142\u00f3wna\",\"item\":\"https:\\\/\\\/yrek.pl\\\/\"},{\"@type\":\"ListItem\",\"position\":2,\"name\":\"Oferta architektura\"}]},{\"@type\":\"WebSite\",\"@id\":\"https:\\\/\\\/yrek.pl\\\/#website\",\"url\":\"https:\\\/\\\/yrek.pl\\\/\",\"name\":\"YREK\",\"description\":\"Projekty wn\u0119trz i elewacji,  Projekty elewacji Bochnia,  Projekty elewacji Brzesko,  Projekty elewacji Ma\u0142opolska,  Projekty elewacji Krak\u00f3w,  Projekty elewacji online,  Projekty wn\u0119trz Bochnia,  Projekty wn\u0119trz Brzesko,  Projekty wn\u0119trz Krak\u00f3w,  Studio Projektowe Bochnia,  Studio projektowe Brzesko,  Studio Projektowe,  Yrek studio projektowe,  Yrek projekty wn\u0119trz,  projekt elewacji\",\"potentialAction\":[{\"@type\":\"SearchAction\",\"target\":{\"@type\":\"EntryPoint\",\"urlTemplate\":\"https:\\\/\\\/yrek.pl\\\/?s={search_term_string}\"},\"query-input\":{\"@type\":\"PropertyValueSpecification\",\"valueRequired\":true,\"valueName\":\"search_term_string\"}}],\"inLanguage\":\"pl-PL\"}]}<\/script>\n<!-- \/ Yoast SEO plugin. -->","yoast_head_json":{"title":"Oferta architektura - YREK","robots":{"index":"index","follow":"follow","max-snippet":"max-snippet:-1","max-image-preview":"max-image-preview:large","max-video-preview":"max-video-preview:-1"},"canonical":"https:\/\/yrek.pl\/index.php\/oferta-architektura\/","og_locale":"pl_PL","og_type":"article","og_title":"Oferta architektura - YREK","og_description":"OFERTA Projektu elewacji &nbsp; Projekty kt\u00f3re mo\u017cemy zaplanowa\u0107 od zera s\u0105 dla nas najbardziej wyj\u0105tkowe. Aczkolwiek w przypadku gotowych projekt\u00f3w zaproponowane przez architekt\u00f3w rozwi\u0105zania mo\u017cemy zmieni\u0107 na materia\u0142y i kolory bardziej odpowiadaj\u0105ce naszemu gustowi oraz s\u0105siedniej zabudowie, a tak\u017ce warunkom klimatycznym. Zmian\u0119 materia\u0142\u00f3w elewacyjnych mo\u017cemy przeprowadzi\u0107 na etapie adaptacji projektu. Pasjonujemy si\u0119 poszukiwaniem inspiracji, nadawaniem [&hellip;]","og_url":"https:\/\/yrek.pl\/index.php\/oferta-architektura\/","og_site_name":"YREK","article_modified_time":"2019-11-12T08:06:47+00:00","og_image":[{"url":"http:\/\/yrek.pl\/wp-content\/uploads\/2019\/10\/2-1024x576.png","type":"","width":"","height":""}],"twitter_card":"summary_large_image","twitter_misc":{"Szacowany czas czytania":"4 minuty"},"schema":{"@context":"https:\/\/schema.org","@graph":[{"@type":"WebPage","@id":"https:\/\/yrek.pl\/index.php\/oferta-architektura\/","url":"https:\/\/yrek.pl\/index.php\/oferta-architektura\/","name":"Oferta architektura - YREK","isPartOf":{"@id":"https:\/\/yrek.pl\/#website"},"primaryImageOfPage":{"@id":"https:\/\/yrek.pl\/index.php\/oferta-architektura\/#primaryimage"},"image":{"@id":"https:\/\/yrek.pl\/index.php\/oferta-architektura\/#primaryimage"},"thumbnailUrl":"http:\/\/yrek.pl\/wp-content\/uploads\/2019\/10\/2-1024x576.png","datePublished":"2019-10-11T11:28:49+00:00","dateModified":"2019-11-12T08:06:47+00:00","breadcrumb":{"@id":"https:\/\/yrek.pl\/index.php\/oferta-architektura\/#breadcrumb"},"inLanguage":"pl-PL","potentialAction":[{"@type":"ReadAction","target":["https:\/\/yrek.pl\/index.php\/oferta-architektura\/"]}]},{"@type":"ImageObject","inLanguage":"pl-PL","@id":"https:\/\/yrek.pl\/index.php\/oferta-architektura\/#primaryimage","url":"https:\/\/yrek.pl\/wp-content\/uploads\/2019\/10\/2.png","contentUrl":"https:\/\/yrek.pl\/wp-content\/uploads\/2019\/10\/2.png","width":1920,"height":1080,"caption":"domek jednorodzinny Por\u0119ba Spytkowska ciemna deska"},{"@type":"BreadcrumbList","@id":"https:\/\/yrek.pl\/index.php\/oferta-architektura\/#breadcrumb","itemListElement":[{"@type":"ListItem","position":1,"name":"Strona g\u0142\u00f3wna","item":"https:\/\/yrek.pl\/"},{"@type":"ListItem","position":2,"name":"Oferta architektura"}]},{"@type":"WebSite","@id":"https:\/\/yrek.pl\/#website","url":"https:\/\/yrek.pl\/","name":"YREK","description":"Projekty wn\u0119trz i elewacji,  Projekty elewacji Bochnia,  Projekty elewacji Brzesko,  Projekty elewacji Ma\u0142opolska,  Projekty elewacji Krak\u00f3w,  Projekty elewacji online,  Projekty wn\u0119trz Bochnia,  Projekty wn\u0119trz Brzesko,  Projekty wn\u0119trz Krak\u00f3w,  Studio Projektowe Bochnia,  Studio projektowe Brzesko,  Studio Projektowe,  Yrek studio projektowe,  Yrek projekty wn\u0119trz,  projekt elewacji","potentialAction":[{"@type":"SearchAction","target":{"@type":"EntryPoint","urlTemplate":"https:\/\/yrek.pl\/?s={search_term_string}"},"query-input":{"@type":"PropertyValueSpecification","valueRequired":true,"valueName":"search_term_string"}}],"inLanguage":"pl-PL"}]}},"_links":{"self":[{"href":"https:\/\/yrek.pl\/index.php\/wp-json\/wp\/v2\/pages\/1571","targetHints":{"allow":["GET"]}}],"collection":[{"href":"https:\/\/yrek.pl\/index.php\/wp-json\/wp\/v2\/pages"}],"about":[{"href":"https:\/\/yrek.pl\/index.php\/wp-json\/wp\/v2\/types\/page"}],"author":[{"embeddable":true,"href":"https:\/\/yrek.pl\/index.php\/wp-json\/wp\/v2\/users\/1"}],"replies":[{"embeddable":true,"href":"https:\/\/yrek.pl\/index.php\/wp-json\/wp\/v2\/comments?post=1571"}],"version-history":[{"count":0,"href":"https:\/\/yrek.pl\/index.php\/wp-json\/wp\/v2\/pages\/1571\/revisions"}],"wp:attachment":[{"href":"https:\/\/yrek.pl\/index.php\/wp-json\/wp\/v2\/media?parent=1571"}],"curies":[{"name":"wp","href":"https:\/\/api.w.org\/{rel}","templated":true}]}}